me factors of 569 + 17 + -2 + 6?
2, 5, 59
Suppose -5*z + 865 = -5*l, -3*z + 2*z = -5*l - 869. Let w = l + 271. List the prime factors of w.
97
Let p be ((-168)/(-4) - 4) + 0. Suppose p - 3 = w. List the prime factors of w.
5, 7
Let f be 44 - (4/(-4) - (1 + -1)). Let r = -12 + f. List the prime factors of r.
3, 11
Let n(q) = 261*q - 95. What are the prime factors of n(14)?
3559
Let h(b) = 22*b**2 + 6*b - 27. What are the prime factors of h(5)?
7, 79
Suppose -18 = -p + 4*p. Let a be 4 + p/(-3) - 2. Suppose -5*g - 15 = 0, 0*g + a*g + 27 = h. List the prime factors of h.
3, 5
List the prime factors of (2/4)/(77/84238).
547
Let d(c) = -803*c + 46. List the prime factors of d(-1).
3, 283
Suppose 1 = -2*z + 5*c, z - 2*z = -3*c + 1. Suppose 0 = -z*u + 6*u + 16. Let t(y) = y**3 + 6*y**2 + 5*y + 4. List the prime factors of t(u).
2
Suppose -f + 7 + 4 = 0. Suppose -3*o - 3*t + 33 = 0, 3*t - 8 - f = -2*o. What are the prime factors of o?
2, 7
Let o be 155 + ((-27)/(-54))/(1/6). Suppose -2*b = -40 + 258. Let l = o + b. What are the prime factors of l?
7
Let t be ((-8)/10)/(7/140). Let m = -2 - t. List the prime factors of m.
2, 7
Let u be (-15 - -15)/(5*-1). Suppose u = 3*v - 66 - 15. What are the prime factors of v?
3
Let y be 8*(-1 + 35/20). Let b(q) = q**2 + 3*q - 3. What are the prime factors of b(y)?
3, 17
Suppose 2*b - 5*h = -h - 16, 3*b + 5*h + 35 = 0. List the prime factors of b/(-3 - -8) - -17.
3, 5
Let d be (20/6)/(3/36). What are the prime factors of (-1)/((-5 - 0)/d)?
2
Suppose 5*i = -3*m + 2*m - 21, -i - 25 = -5*m. Let n(q) = -q**3 + 3*q**2 + 5*q - 1. Let h be n(4). Suppose 4*v - h*v = m. What are the prime factors of v?
2
Let z(p) = p**2 - 2*p + 1. Let a be z(3). Suppose 10*x - 312 = a*x. List the prime factors of x.
2, 13
Let v = 2388 - 434. What are the prime factors of v?
2, 977
Let f(t) = -t**3 + 4*t**2 - 3*t + 12. Suppose -7*z - 30 = -z. What are the prime factors of f(z)?
2, 3, 7
What are the prime factors of (-13954)/(-18) + (-38)/171?
5, 31
Let m = 7492 - 4393. List the prime factors of m.
3, 1033
Suppose 77 = 2*s + 5. Let t = s - -3. What are the prime factors of t?
3, 13
Let q(r) = 34*r + 4. Let i be q(5). Suppose z = 5*h - 286, -3*h + 4*z = z - i. What are the prime factors of h?
3, 19
What are the prime factors of 2 + 337 + (5 - -4)?
2, 3, 29
Suppose 3 = z - 0*z. Let r be (-3 - -3)/(z/1). Suppose r = 4*f - 85 + 21. What are the prime factors of f?
2
Suppose -3*b - j - 217 = -32, 0 = -2*b - 3*j - 114. Let d = 108 + b. Suppose -3*g + 6*g = -5*a + d, 5*g - 2*a - 106 = 0. What are the prime factors of g?
2, 5
Let c = -286 + 1547. What are the prime factors of c?
13, 97
Suppose -2*s - r - 4 = -12, -3 = -3*s + 3*r. Let o be -5*(s + 74/(-10)). Let m = 57 - o. What are the prime factors of m?
5, 7
Suppose -6*b + 12 = -4*b. Suppose -92*w = -88*w + 144. What are the prime factors of w*(b/(-8))/3?
3
Suppose -b - b = -40. Suppose -12 = -0*n - 2*n. Suppose n*u = 2*u + b. What are the prime factors of u?
5
Let x be (-6)/(-24) + (-3290)/8. List the prime factors of x/(-5) - (-3)/(0 + -15).
2, 41
Let u = -95 - -53. Let l = u + 51. List the prime factors of l.
3
Let l = -1754 + 3161. List the prime factors of l.
3, 7, 67
Let r(t) = -3560*t - 92. List the prime factors of r(-1).
2, 3, 17
Let f = 10 + -2. Suppose -2*l - 26 = 4*x, f*l - 3*x + 8 = 4*l. List the prime factors of (230/25)/((-2)/l).
23
What are the prime factors of (-412)/(-721) - (-6163)/7?
881
Suppose -5*t = 2*w - 25, 0 = 5*t + w + 1 - 26. Suppose 5*b - 3392 = -5*q - 857, t*q = b - 537. List the prime factors of b/40 - 2/(-10).
13
Let j(o) = -2*o + 10. Let q be j(-5). Suppose -2*k + 5*n - q - 12 = 0, 18 = -k + 3*n. List the prime factors of 2/k + (-49)/(-3).
2
Let x(c) = 9*c**3 - c**2 + 2*c - 2. Let w be x(1). What are the prime factors of -14*w/(-2) + (-3)/(-3)?
3, 19
Let b = 183 + -11. What are the prime factors of b?
2, 43
Let r(a) = -2*a**3 - 8*a**2 - 3*a - 2. Let s be r(-5). Let p = -39 + s. What are the prime factors of (-1)/(0 + (-4)/p)?
2, 3
What are the prime factors of ((-194)/(-6))/(9/(-810)*-10)?
3, 97
List the prime factors of (78600/250)/(2/5).
2, 3, 131
Let y be 4*4/16*2. Let a be y/1 + (-9)/3. What are the prime factors of (a/(-2))/((-7)/(-336))?
2, 3
Let k(h) = -2*h**2 - h**3 + 2*h - 3*h + 3*h**2 + 2*h + 8. Let u be k(0). What are the prime factors of ((-105)/(-20))/(2/u)?
3, 7
Let i be (29460/14)/((-6)/210*-5). List the prime factors of i/78 - 2/(-13).
3, 7
Let i = -2573 - -6976. List the prime factors of i.
7, 17, 37
Let p(j) = -2*j**3 + 3*j**2 - 2*j + 7. Let i(r) = 2*r**3 - 3*r**2 + 2*r - 6. Let z(b) = -4*i(b) - 3*p(b). Let c be z(2). List the prime factors of c*12/(-5)*1.
2, 3
Suppose -5*l - 5*x - 20 = 0, -3*l - 4*x = -8*x + 19. Suppose 5*d - 4*d - 88 = -4*c, 0 = d. Let m = c + l. What are the prime factors of m?
17
What are the prime factors of (336/(-196))/(((-2)/(-56))/(-1))?
2, 3
Suppose 4*b + p - 1762 = 0, 0 = 5*b + p + 2*p - 2206. What are the prime factors of b?
2, 5, 11
Let n(f) = 176*f + 1132. What are the prime factors of n(18)?
2, 5, 43
List the prime factors of 497 + -1*(-3 + 1) + -6.
17, 29
Let g be (-1 - 3) + (-48)/(-3). Suppose -4 = 2*c - g. Suppose -s + 30 = -0*s + 2*f, 2*f = c*s - 170. List the prime factors of s.
2, 5
Let t = -61 + 6. Let x = 127 + t. Suppose 2*n = -16 + x. List the prime factors of n.
2, 7
Let q = 59 + -53. Let h(k) = k**3 - 6*k**2 + 5*k - 3. Let g be h(6). Let m = g - q. What are the prime factors of m?
3, 7
Let x be (0 - (-3 + 3))/2. Suppose x = 2*f - 5*w - 230, w = -0 - 2. List the prime factors of f.
2, 5, 11
Let s = 103 + -47. Let g = 60 - s. List the prime factors of g.
2
Suppose 40 - 38 = i. Suppose 0*c + 3*x = 5*c - 28, -5*c = 5*x - 20. Suppose c*w + 39 = 2*n, 2*w + w = i*n - 45. What are the prime factors of n?
3
Suppose 0 = -5*u + b + 13, -3*u + 5*b + 6 = -15. Let n = 3 + u. Suppose 3*l + 21 + 0 = s, 0 = n*s - 5*l - 55. List the prime factors of s.
2, 3
What are the prime factors of ((-45)/12)/(310/(-75144))?
3, 101
Suppose 0 = -20*n + 15*n + 55. Suppose -n*r + 8*r + 651 = 0. List the prime factors of r.
7, 31
Let z(s) = 37*s + 61. What are the prime factors of z(4)?
11, 19
Let r = 87 + -89. List the prime factors of 1112/7 + r*3/(-42).
3, 53
Suppose -5 = -2*p - 3*f, 5*p - 2*f = 3*f + 50. Let t = p - -34. List the prime factors of t.
41
List the prime factors of -2 + (-408 - 0)*(-14)/4.
2, 23, 31
Let c(g) = -90*g + 281. What are the prime factors of c(-5)?
17, 43
Suppose -3*g - 68 = 4*f, 4*f = -2*g - 47 - 5. Let p be (g/(-6))/((-34)/(-51)). Suppose -2*i - p*r + 86 = 0, r - 190 = -4*i + 2*r. List the prime factors of i.
47
Suppose 100322 + 42171 = 97*w. List the prime factors of w.
13, 113
Suppose l = 3*l. Suppose l*c + 112 = 2*c. List the prime factors of c.
2, 7
Let a(l) = -3*l + 2 + 0*l**2 + 5*l**2 - 3*l. List the prime factors of a(2).
2, 5
Let h = 10 + -1. Let m(w) = -4*w + 4 + 2 + h*w. What are the prime factors of m(5)?
31
Let k be ((-4)/8)/((-2)/12). Suppose -4*t = 4*f - 204, -4*f + 112 + 85 = -k*t. List the prime factors of f.
2, 5
Let x = -2998 - -5761. List the prime factors of x.
3, 307
Let v = -19 + 17. Let y be 2 - (v - (1 + -2)). What are the prime factors of y*4/(36/105)?
5, 7
What are the prime factors of 8 + ((-21)/2)/((-7)/3066)?
17, 271
Suppose 0 = -3*h + 13 + 2. Suppose 64 + 191 = h*r. What are the prime factors of r?
3, 17
Let s = -11 + 3. Let d(r) = -r**3 - 8*r**2 + 1. Let b be d(s). What are the prime factors of 18/6 + 20 + b?
2, 3
Suppose 10*j = 15230 - 810. What are the prime factors of j?
2, 7, 103
Suppose 0 = 5*u - 15, -5*u + 968 = 2*r - 73. List the prime factors of r.
3, 19
Let f be ((-10)/100)/(3/(-30)). Let k(q) = 10*q. Let n be k(4). List the prime factors of n + (f - (3 - 2)).
2, 5
Let x(m) = -241*m - 85. What are the prime factors of x(-3)?
2, 11, 29
Suppose -1279 = -6*g + 2867. List the prime factors of g.
691
Suppose 0 = -18*j + 13705 - 1285. What are the prime factors of j?
2, 3, 5, 23
Let q be -1 - 5/(20/(-12)). List the prime factors of 3/q*(-188)/(-6).
47
Suppose 3*x - 1359 = -3*w, 5*x + w - 2261 = -3*w. What are the prime factors of x?
449
Let l = -3 - -8. Let k be 15*(-2 - -3)/1. What are the prime factors of 1 + l/(k/48)?
17
Suppose -46 - 8 = 4*k - 2*i, k = -3*i - 3. Let m